{"id":232043,"date":"2025-11-07T13:05:03","date_gmt":"2025-11-07T11:05:03","guid":{"rendered":"https:\/\/spanishpropertiesre.com\/property\/fattoria-rurale-con-acqua-e-5-orti-in-vendita-ideale-per-coltivare-il-tuo-cibo\/"},"modified":"2026-04-25T00:45:47","modified_gmt":"2026-04-24T22:45:47","slug":"fattoria-rurale-con-acqua-e-5-orti-in-vendita-ideale-per-coltivare-il-tuo-cibo","status":"publish","type":"property","link":"https:\/\/spanishpropertiesre.com\/it\/property\/fattoria-rurale-con-acqua-e-5-orti-in-vendita-ideale-per-coltivare-il-tuo-cibo\/","title":{"rendered":"Fattoria Rurale con Acqua e 5 Orti in Vendita &#8211; Ideale per Coltivare il tuo Cibo!"},"content":{"rendered":"<p><span class=\"s1\">Non lasciarti sfuggire l&#x27;occasione di comprare una fattoria rurale di 4062 m2 con acqua e 5 orti nel cuore della natura! Questa fattoria, che \u00e8 stata inutilizzata a causa dell&#x27;et\u00e0 avanzata del suo proprietario, ha un serbatoio d&#x27;acqua e quote d&#x27;acqua proprie, nonch\u00e9 una in affitto a un altro utente. Inoltre, l&#x27;edificio della fattoria, costruito pi\u00f9 di 30 anni fa, pu\u00f2 essere rogitato, e la grotta ha la possibilit\u00e0 di essere ampliata del 30% in pi\u00f9. Questa fattoria \u00e8 ideale per coltivare il tuo cibo e goderti la vita in campagna!<\/span><\/p>\n","protected":false},"excerpt":{"rendered":"<p>Non lasciarti sfuggire l&#x27;occasione di comprare una fattoria rurale di 4062 m2 con acqua e 5 orti nel cuore della natura! Questa fattoria, che \u00e8 stata inutilizzata a causa dell&#x27;et\u00e0 avanzata del suo proprietario, ha un serbatoio d&#x27;acqua e quote d&#x27;acqua proprie, nonch\u00e9 una in affitto a un altro utente. Inoltre, l&#x27;edificio della fattoria, costruito [&hellip;]<\/p>\n","protected":false},"author":0,"featured_media":231923,"parent":0,"menu_order":0,"template":"","property_type":[1029],"property_status":[948],"property_feature":[95,1061,187,200,457,81,108],"property_label":[],"property_country":[83],"property_state":[84],"property_city":[1062],"property_area":[],"class_list":["post-232043","property","type-property","status-publish","has-post-thumbnail","hentry","property_type-proprieta-rustica","property_status-in-vendita","property_feature-finca-rustica","property_feature-orientacion-oeste","property_feature-orientacion-sur","property_feature-solar","property_feature-soleado","property_feature-vistas-al-mar","property_feature-vistas-al-monte","property_country-espana","property_state-santa-cruz-de-tenerife","property_city-chirche"],"acf":[],"property_meta":{"fave_currency":["EUR"],"fave_currency_info":[""],"fave_property_price":["165000"],"fave_property_size_prefix":["m\u00b2"],"fave_property_land":["4350"],"fave_property_land_postfix":["m\u00b2"],"fave_property_bedrooms":["0"],"fave_property_bathrooms":["0"],"fave_property_map":["1"],"fave_property_id":["SP1-104"],"fave_property_address":["TF-38, 38688"],"fave_property_zip":["38688"],"fave_property_country":["Espa\u00f1a"],"fave_featured":["0"],"houzez_featured_listing_date":[""],"fave_agent_display_option":["agent_info"],"fave_prop_homeslider":["no"],"fave_video_url":["https:\/\/www.youtube.com\/watch?v=faqgIcnP_aY"],"fave_floor_plans_enable":["disable"],"fave_additional_features_enable":["disable"],"fave_multiunit_plans_enable":["disable"],"floor_plans":[null],"fave_multi_units":[null],"additional_features":[null],"fave_agents":["172628"],"fave_property_agency":["182087"],"fave_property_map_address":[null],"fave_property_location":["28.22713099,-16.763549155"],"houzez_geolocation_lat":["28.22713099"],"houzez_geolocation_long":["-16.763549155"],"_wp_page_template":["default"],"rank_math_internal_links_processed":["1"],"_thumbnail_id":["231923"],"fave_property_images":["231923","231929","231935","231941","212693","231947","231956","231962","231968","212765","212777","231974","231980","231986","212867","231992","231998","232004","232010","212939","225899","225927","232016","232022","232034"],"_last_translation_edit_mode":["translation-editor"],"houzez_total_property_views":["3"],"houzez_views_by_date":["a:2:{s:10:\"04-25-2026\";i:1;s:10:\"04-26-2026\";i:2;}"],"houzez_recently_viewed":["2026-04-26 17:52:07"]},"_links":{"self":[{"href":"https:\/\/spanishpropertiesre.com\/it\/wp-json\/wp\/v2\/properties\/232043"}],"collection":[{"href":"https:\/\/spanishpropertiesre.com\/it\/wp-json\/wp\/v2\/properties"}],"about":[{"href":"https:\/\/spanishpropertiesre.com\/it\/wp-json\/wp\/v2\/types\/property"}],"version-history":[{"count":1,"href":"https:\/\/spanishpropertiesre.com\/it\/wp-json\/wp\/v2\/properties\/232043\/revisions"}],"predecessor-version":[{"id":236000,"href":"https:\/\/spanishpropertiesre.com\/it\/wp-json\/wp\/v2\/properties\/232043\/revisions\/236000"}],"wp:featuredmedia":[{"embeddable":true,"href":"https:\/\/spanishpropertiesre.com\/it\/wp-json\/wp\/v2\/media\/231923"}],"wp:attachment":[{"href":"https:\/\/spanishpropertiesre.com\/it\/wp-json\/wp\/v2\/media?parent=232043"}],"wp:term":[{"taxonomy":"property_type","embeddable":true,"href":"https:\/\/spanishpropertiesre.com\/it\/wp-json\/wp\/v2\/property_type?post=232043"},{"taxonomy":"property_status","embeddable":true,"href":"https:\/\/spanishpropertiesre.com\/it\/wp-json\/wp\/v2\/property_status?post=232043"},{"taxonomy":"property_feature","embeddable":true,"href":"https:\/\/spanishpropertiesre.com\/it\/wp-json\/wp\/v2\/property_feature?post=232043"},{"taxonomy":"property_label","embeddable":true,"href":"https:\/\/spanishpropertiesre.com\/it\/wp-json\/wp\/v2\/property_label?post=232043"},{"taxonomy":"property_country","embeddable":true,"href":"https:\/\/spanishpropertiesre.com\/it\/wp-json\/wp\/v2\/property_country?post=232043"},{"taxonomy":"property_state","embeddable":true,"href":"https:\/\/spanishpropertiesre.com\/it\/wp-json\/wp\/v2\/property_state?post=232043"},{"taxonomy":"property_city","embeddable":true,"href":"https:\/\/spanishpropertiesre.com\/it\/wp-json\/wp\/v2\/property_city?post=232043"},{"taxonomy":"property_area","embeddable":true,"href":"https:\/\/spanishpropertiesre.com\/it\/wp-json\/wp\/v2\/property_area?post=232043"}],"curies":[{"name":"wp","href":"https:\/\/api.w.org\/{rel}","templated":true}]}}

<p><span class="s1">Non lasciarti sfuggire l&#x27;occasione di comprare una fattoria rurale di 4062 m2 con acqua e 5 orti nel cuore della natura! Questa fattoria, che è stata inutilizzata a causa dell&#x27;età avanzata del suo proprietario, ha un serbatoio d&#x27;acqua e quote d&#x27;acqua proprie, nonché una in affitto a un altro utente. Inoltre, l&#x27;edificio della fattoria, costruito più di 30 anni fa, può essere rogitato, e la grotta ha la possibilità di essere ampliata del 30% in più. Questa fattoria è ideale per coltivare il tuo cibo e goderti la vita in campagna!</span></p>

<p>Non lasciarti sfuggire l&#x27;occasione di comprare una fattoria rurale di 4062 m2 con acqua e 5 orti nel cuore della natura! Questa fattoria, che è stata inutilizzata a causa dell&#x27;età avanzata del suo proprietario, ha un serbatoio d&#x27;acqua e quote d&#x27;acqua proprie, nonché una in affitto a un altro utente. Inoltre, l&#x27;edificio della fattoria, costruito [&hellip;]</p>

España
